{"id":96,"date":"2017-09-22T15:18:05","date_gmt":"2017-09-22T18:18:05","guid":{"rendered":"http:\/\/pneusavon.com.br\/site\/?page_id=96"},"modified":"2018-05-09T13:48:39","modified_gmt":"2018-05-09T16:48:39","slug":"contato","status":"publish","type":"page","link":"http:\/\/pneusavon.com.br\/site\/contato\/","title":{"rendered":"Contato"},"content":{"rendered":"<p>contato<\/p>\n<p>Caso queira entrar em contato conosco \u00e9 s\u00f3 preencher o formul\u00e1rio abaixo ou utilizar o email <a href=\"mailto:info@fwperformance.com.br\">info@fwperformance.com.br<\/a><\/p>\n<div role=\"form\" class=\"wpcf7\" id=\"wpcf7-f94-o1\" lang=\"pt-BR\" dir=\"ltr\">\n<div class=\"screen-reader-response\"><\/div>\n<form action=\"\/site\/wp-json\/wp\/v2\/pages\/96#wpcf7-f94-o1\" method=\"post\" class=\"wpcf7-form\" novalidate=\"novalidate\">\n<div style=\"display: none;\">\n<input type=\"hidden\" name=\"_wpcf7\" value=\"94\" \/>\n<input type=\"hidden\" name=\"_wpcf7_version\" value=\"5.0.1\" \/>\n<input type=\"hidden\" name=\"_wpcf7_locale\" value=\"pt_BR\" \/>\n<input type=\"hidden\" name=\"_wpcf7_unit_tag\" value=\"wpcf7-f94-o1\" \/>\n<input type=\"hidden\" name=\"_wpcf7_container_post\" value=\"0\" \/>\n<\/div>\n<div class=\"uk-grid uk-grid-small\" uk-grid>\n<div class=\"uk-width-1-1\"><span class=\"wpcf7-form-control-wrap Nome\"><input type=\"text\" name=\"Nome\" value=\"\" size=\"40\" class=\"wpcf7-form-control wpcf7-text wpcf7-validates-as-required uk-input uk-width-1-1\" aria-required=\"true\" aria-invalid=\"false\" placeholder=\"Seu Nome\" \/><\/span><\/div>\n<div class=\"uk-width-1-1\"><span class=\"wpcf7-form-control-wrap Email\"><input type=\"email\" name=\"Email\" value=\"\" size=\"40\" class=\"wpcf7-form-control wpcf7-text wpcf7-email wpcf7-validates-as-required wpcf7-validates-as-email uk-input uk-width-1-1\" aria-required=\"true\" aria-invalid=\"false\" placeholder=\"Seu Email\" \/><\/span><\/div>\n<div class=\"uk-width-1-1\"><span class=\"wpcf7-form-control-wrap Fone\"><input type=\"text\" name=\"Fone\" value=\"\" size=\"40\" class=\"wpcf7-form-control wpcf7-text uk-input uk-width-1-1\" aria-invalid=\"false\" placeholder=\"Seu Telefone\" \/><\/span><\/div>\n<div class=\"uk-width-1-1\"><span class=\"wpcf7-form-control-wrap Mensagem\"><textarea name=\"Mensagem\" cols=\"40\" rows=\"3\" class=\"wpcf7-form-control wpcf7-textarea wpcf7-validates-as-required uk-textarea uk-width-1-1\" aria-required=\"true\" aria-invalid=\"false\" placeholder=\"Sua Mensagem\"><\/textarea><\/span><\/div>\n<div class=\"uk-width-1-1\"><input type=\"submit\" value=\"Enviar\" class=\"wpcf7-form-control wpcf7-submit uk-button uk-button-default\" \/><\/div>\n<\/div>\n<div class=\"wpcf7-response-output wpcf7-display-none\"><\/div><\/form><\/div>\n<div class=\"fb-page\" data-href=\"https:\/\/www.facebook.com\/PneusAvon\/\" data-tabs=\"timeline\" data-small-header=\"false\" data-adapt-container-width=\"true\" data-hide-cover=\"false\" data-show-facepile=\"true\">\n<blockquote cite=\"https:\/\/www.facebook.com\/PneusAvon\/\" class=\"fb-xfbml-parse-ignore\"><p><a href=\"https:\/\/www.facebook.com\/PneusAvon\/\">Pneus Avon<\/a><\/p><\/blockquote>\n<\/div>\n<p><!-- {\"name\":\"\",\"type\":\"layout\",\"children\":[{\"name\":\"\",\"type\":\"section\",\"props\":{\"style\":\"default\",\"width\":\"default\",\"vertical_align\":\"middle\",\"title_position\":\"top-left\",\"title_rotation\":\"left\",\"title_breakpoint\":\"xl\",\"image_position\":\"center-center\"},\"children\":[{\"name\":\"\",\"type\":\"row\",\"props\":{\"fixed_width\":\"large\",\"breakpoint\":\"m\",\"layout\":\"2-3,\"},\"children\":[{\"name\":\"\",\"type\":\"column\",\"props\":{\"widths\":[\"2-3\"],\"image_position\":\"center-center\"},\"children\":[{\"name\":\"\",\"type\":\"headline\",\"props\":{\"title_element\":\"h1\",\"title_style\":\"h2\",\"title_decoration\":\"divider\",\"content\":\"contato\"}},{\"name\":\"\",\"type\":\"text\",\"props\":{\"margin\":\"default\",\"column_breakpoint\":\"m\",\"content\":\"Caso queira entrar em contato conosco \\u00e9 s\\u00f3 preencher o formul\\u00e1rio abaixo ou utilizar o email <a href=\\\"mailto:info@fwperformance.com.br\\\">info@fwperformance.com.br<\\\/a>\"}},{\"name\":\"\",\"type\":\"html\",\"props\":{\"content\":\"[contact-form-7 id=\\\"94\\\" title=\\\"contato do site\\\"]\"}}]},{\"name\":\"\",\"type\":\"column\",\"props\":{\"widths\":[\"\"],\"image_position\":\"center-center\"},\"children\":[{\"name\":\"\",\"type\":\"html\",\"props\":{\"content\":\"\n\n<div class=\\\"fb-page\\\" data-href=\\\"https:\\\/\\\/www.facebook.com\\\/PneusAvon\\\/\\\" data-tabs=\\\"timeline\\\" data-small-header=\\\"false\\\" data-adapt-container-width=\\\"true\\\" data-hide-cover=\\\"false\\\" data-show-facepile=\\\"true\\\">\n\n<blockquote cite=\\\"https:\\\/\\\/www.facebook.com\\\/PneusAvon\\\/\\\" class=\\\"fb-xfbml-parse-ignore\\\"><a href=\\\"https:\\\/\\\/www.facebook.com\\\/PneusAvon\\\/\\\">Pneus Avon<\\\/a><\\\/blockquote><\\\/div>\"}}]}]}]}]} --><\/p>\n","protected":false},"excerpt":{"rendered":"<p>contato Caso queira entrar em contato conosco \u00e9 s\u00f3 preencher o formul\u00e1rio abaixo ou utilizar o email info@fwperformance.com.br Pneus Avon<\/p>\n","protected":false},"author":1,"featured_media":0,"parent":0,"menu_order":0,"comment_status":"closed","ping_status":"closed","template":"","meta":{"footnotes":""},"class_list":["post-96","page","type-page","status-publish","hentry"],"_links":{"self":[{"href":"http:\/\/pneusavon.com.br\/site\/wp-json\/wp\/v2\/pages\/96","targetHints":{"allow":["GET"]}}],"collection":[{"href":"http:\/\/pneusavon.com.br\/site\/wp-json\/wp\/v2\/pages"}],"about":[{"href":"http:\/\/pneusavon.com.br\/site\/wp-json\/wp\/v2\/types\/page"}],"author":[{"embeddable":true,"href":"http:\/\/pneusavon.com.br\/site\/wp-json\/wp\/v2\/users\/1"}],"replies":[{"embeddable":true,"href":"http:\/\/pneusavon.com.br\/site\/wp-json\/wp\/v2\/comments?post=96"}],"version-history":[{"count":4,"href":"http:\/\/pneusavon.com.br\/site\/wp-json\/wp\/v2\/pages\/96\/revisions"}],"predecessor-version":[{"id":162,"href":"http:\/\/pneusavon.com.br\/site\/wp-json\/wp\/v2\/pages\/96\/revisions\/162"}],"wp:attachment":[{"href":"http:\/\/pneusavon.com.br\/site\/wp-json\/wp\/v2\/media?parent=96"}],"curies":[{"name":"wp","href":"https:\/\/api.w.org\/{rel}","templated":true}]}}