{"id":7,"date":"2017-09-18T11:28:25","date_gmt":"2017-09-18T14:28:25","guid":{"rendered":"http:\/\/pneusavon.com.br\/site\/?page_id=7"},"modified":"2017-09-22T11:45:05","modified_gmt":"2017-09-22T14:45:05","slug":"avon","status":"publish","type":"page","link":"http:\/\/pneusavon.com.br\/site\/avon\/","title":{"rendered":"AVON"},"content":{"rendered":"<p>na estrada<\/p>\n<p>desde 1885<\/p>\n<p>OS PRIMEIROS ANOS<\/p>\n<p>Avon come\u00e7ou em Wiltshire &#8211; Inglaterra, em 1885, quando os senhores E G Browne e J C Margetson adquiriram uma confec\u00e7\u00e3o, conhecida como Avon Mill, nas margens do rio Avon, em Limpley Stoke. Os novos propriet\u00e1rios da f\u00e1brica logo decidiram diversificar para a produ\u00e7\u00e3o de produtos de borracha.<\/p>\n<p>O neg\u00f3cio havia sido transferido para a pr\u00f3xima cidade de Melksham e a Avon estabeleceu-se como l\u00edder de produtos \u00e0 base de borracha. Os produtos inclu\u00eddos inclu\u00edam pneus s\u00f3lidos, correias e componentes para ferrovias. <\/p>\n<p>Os primeiros pneus pneum\u00e1ticos para bicicletas estavam sendo produzidos e, em 1906, os primeiros pneus de autom\u00f3veis eram anunciados a n\u00edvel nacional. Bolas de golfe entraram em fabrica\u00e7\u00e3o e por 1914, as vendas totalizaram \u00a3 5,000 para o ano. Alguns anos depois, este neg\u00f3cio lucrativo foi vendido para Dunlop que at\u00e9 hoje fabrica bolas de golfe.<\/p>\n<p>A primeira bola de t\u00eanis foi feita em Melksham. Dentro de um ano, milhares de d\u00fazias semanais estavam sendo vendidos atrav\u00e9s da famosa Casa de Wisden. A bola de t\u00eanis Avon foi a primeira sem costura a ser produzida em massa.<\/p>\n<p>A empresa adquiriu a Greenland Mill em Bradford.<\/p>\n<p>Foi um marco significativo para a Avon, j\u00e1 que a empresa estava em circula\u00e7\u00e3o na London Stock Exchange. No mesmo ano, os pneus Avon foram escolhidos pela primeira vez como equipamento original para carros Rolls-Royce.<\/p>\n<p>Com a Segunda Guerra Mundial em 1939, a Avon, junto com outros fabricantes de borracha, envolveu seus recursos em um esfor\u00e7o de guerra concertado. A f\u00e1brica trabalhou o tempo todo em plena capacidade para atender demandas militares.<\/p>\n<p>UM PER\u00cdODO DE CRESCIMENTO R\u00c1PIDO<\/p>\n<p>A George Spencer Moulton foi adquirida, trazendo consigo Abbey Mills e Kingston Mills para a Avon, e uma planta de propriedade conjunta em Paris. Foram desenvolvidos produtos automobil\u00edsticos e aeron\u00e1uticos.<\/p>\n<p>Durante 1958 e 1963, todo campe\u00e3o mundial de motocicleta escolheu os pneus Avon e muitos recordes mundiais foram quebrados por m\u00e1quinas equipadas com os mesmos pneus, incluindo a corrida Le Mans 24 horas e o Campeonato Mundial de Automobilismo conquistado por Aston Martin.<\/p>\n<p>A Avon atinge a produ\u00e7\u00e3o recorde com 1,5 milh\u00e3o de pneus por ano. Grande conquista \u00e9 conquistada pelo desenvolvimento de um composto de rolo de borracha para pneus de carro e motocicleta, aumentando consideravelmente a ader\u00eancia na estrada molhada.<\/p>\n<p>A Avon est\u00e1 na vanguarda do desenvolvimento de pneus radiais, substituindo a tecnologia cross ply.<\/p>\n<p>A Avon cria sua pr\u00f3pria divis\u00e3o de pneus de corrida para projetar, desenvolver e vender pneus de corrida internacionalmente.<\/p>\n<p>A Avon Tires Limited \u00e9 adquirida pela Cooper Tire e Rubber Co., Ohio, EUA. A cria\u00e7\u00e3o do Cooper-Avon Tires Limited marca o in\u00edcio de uma nova era para a empresa. Cooper-Avon Tires Ltd. tamb\u00e9m foi o primeiro fabricante de pneus do mundo a obter o prestigiado pr\u00eamio de qualidade ISO 9001.<\/p>\n<p>Vener\u00e1vel Venom d\u00e1 lugar \u00e0 nova gama Cobra.<\/p>\n<p>Storm 3D X-M gama de turismo esportivo testado em 3 tamanhos e \u00e9 t\u00e3o bem sucedido que a gama completa sai um ano depois.<\/p>\n<p>Avon TrailRider em pneus de Adventure Sport orientado para a estrada faz sua apari\u00e7\u00e3o.<\/p>\n<p><!-- {\"name\":\"\",\"type\":\"layout\",\"children\":[{\"name\":\"\",\"type\":\"section\",\"props\":{\"style\":\"default\",\"width\":\"default\",\"vertical_align\":\"middle\",\"title_position\":\"top-left\",\"title_rotation\":\"left\",\"title_breakpoint\":\"xl\",\"image_position\":\"center-center\"},\"children\":[{\"name\":\"\",\"type\":\"row\",\"props\":{\"fixed_width\":\"large\",\"breakpoint\":\"m\",\"layout\":\",2-3\"},\"children\":[{\"name\":\"\",\"type\":\"column\",\"props\":{\"widths\":[\"\"],\"image_position\":\"center-center\"},\"children\":[{\"name\":\"\",\"type\":\"image\",\"props\":{\"margin\":\"default\",\"image\":\"wp-content\\\/uploads\\\/2017\\\/09\\\/historia-001.jpg\"}},{\"name\":\"\",\"type\":\"image\",\"props\":{\"margin\":\"default\",\"image\":\"wp-content\\\/uploads\\\/2017\\\/09\\\/historia-002.jpg\"}},{\"name\":\"\",\"type\":\"image\",\"props\":{\"margin\":\"default\",\"image\":\"wp-content\\\/uploads\\\/2017\\\/09\\\/historia-003.jpg\"}},{\"name\":\"\",\"type\":\"image\",\"props\":{\"margin\":\"default\",\"image\":\"wp-content\\\/uploads\\\/2017\\\/09\\\/historia-00.jpg\"}},{\"name\":\"\",\"type\":\"image\",\"props\":{\"margin\":\"default\",\"image\":\"wp-content\\\/uploads\\\/2017\\\/09\\\/historia-005.jpg\"}}]},{\"name\":\"\",\"type\":\"column\",\"props\":{\"widths\":[\"2-3\"],\"image_position\":\"center-center\"},\"children\":[{\"name\":\"\",\"type\":\"headline\",\"props\":{\"title_element\":\"h1\",\"content\":\"na estrada\",\"margin\":\"remove-vertical\"}},{\"name\":\"\",\"type\":\"headline\",\"props\":{\"title_element\":\"h1\",\"content\":\"desde 1885\",\"title_style\":\"h3\",\"margin\":\"remove-vertical\"}},{\"name\":\"\",\"type\":\"divider\",\"props\":{\"divider_element\":\"hr\",\"divider_style\":\"small\"}},{\"name\":\"\",\"type\":\"headline\",\"props\":{\"title_element\":\"h6\",\"title_style\":\"h6\",\"content\":\"OS PRIMEIROS ANOS\",\"title_decoration\":\"bullet\"}},{\"name\":\"\",\"type\":\"text\",\"props\":{\"margin\":\"default\",\"column_breakpoint\":\"m\",\"content\":\"Avon come\\u00e7ou em Wiltshire - Inglaterra, em 1885, quando os senhores E G Browne e J C Margetson adquiriram uma confec\\u00e7\\u00e3o, conhecida como Avon Mill, nas margens do rio Avon, em Limpley Stoke. Os novos propriet\\u00e1rios da f\\u00e1brica logo decidiram diversificar para a produ\\u00e7\\u00e3o de produtos de borracha.\",\"text_align\":\"justify\"}},{\"name\":\"\",\"type\":\"divider\",\"props\":{\"divider_element\":\"hr\",\"margin\":\"medium\"}},{\"name\":\"\",\"type\":\"description_list\",\"props\":{\"show_title\":true,\"show_meta\":true,\"show_content\":true,\"show_link\":true,\"layout\":\"grid-2\",\"width\":\"auto\",\"gutter\":\"small\",\"meta_style\":\"meta\",\"meta_align\":\"bottom-content\",\"list_style\":\"divider\",\"title_style\":\"h4\",\"title_color\":\"primary\",\"content_style\":\"meta\",\"text_align\":\"justify\",\"list_size\":true},\"children\":[{\"name\":\"\",\"type\":\"description_list_item\",\"props\":{\"title\":\"1890\",\"content\":\"O neg\\u00f3cio havia sido transferido para a pr\\u00f3xima cidade de Melksham e a Avon estabeleceu-se como l\\u00edder de produtos \\u00e0 base de borracha. Os produtos inclu\\u00eddos inclu\\u00edam pneus s\\u00f3lidos, correias e componentes para ferrovias. \"}},{\"name\":\"\",\"type\":\"description_list_item\",\"props\":{\"title\":\"1900\",\"content\":\"Os primeiros pneus pneum\\u00e1ticos para bicicletas estavam sendo produzidos e, em 1906, os primeiros pneus de autom\\u00f3veis eram anunciados a n\\u00edvel nacional. Bolas de golfe entraram em fabrica\\u00e7\\u00e3o e por 1914, as vendas totalizaram \\u00a3 5,000 para o ano. Alguns anos depois, este neg\\u00f3cio lucrativo foi vendido para Dunlop que at\\u00e9 hoje fabrica bolas de golfe.\"}},{\"name\":\"\",\"type\":\"description_list_item\",\"props\":{\"title\":\"1921\",\"content\":\"A primeira bola de t\\u00eanis foi feita em Melksham. Dentro de um ano, milhares de d\\u00fazias semanais estavam sendo vendidos atrav\\u00e9s da famosa Casa de Wisden. A bola de t\\u00eanis Avon foi a primeira sem costura a ser produzida em massa.\"}},{\"name\":\"\",\"type\":\"description_list_item\",\"props\":{\"title\":\"1925\",\"content\":\"A empresa adquiriu a Greenland Mill em Bradford.\"}},{\"name\":\"\",\"type\":\"description_list_item\",\"props\":{\"title\":\"1933\",\"content\":\"Foi um marco significativo para a Avon, j\\u00e1 que a empresa estava em circula\\u00e7\\u00e3o na London Stock Exchange. No mesmo ano, os pneus Avon foram escolhidos pela primeira vez como equipamento original para carros Rolls-Royce.\"}}]},{\"name\":\"\",\"type\":\"divider\",\"props\":{\"divider_element\":\"hr\",\"margin\":\"medium\"}},{\"name\":\"\",\"type\":\"text\",\"props\":{\"margin\":\"default\",\"column_breakpoint\":\"m\",\"content\":\"Com a Segunda Guerra Mundial em 1939, a Avon, junto com outros fabricantes de borracha, envolveu seus recursos em um esfor\\u00e7o de guerra concertado. A f\\u00e1brica trabalhou o tempo todo em plena capacidade para atender demandas militares.\",\"text_align\":\"justify\"}},{\"name\":\"\",\"type\":\"headline\",\"props\":{\"title_element\":\"h6\",\"title_style\":\"h6\",\"content\":\"UM PER\\u00cdODO DE CRESCIMENTO R\\u00c1PIDO\",\"title_decoration\":\"bullet\"}},{\"name\":\"\",\"type\":\"divider\",\"props\":{\"divider_element\":\"hr\",\"margin\":\"medium\"}},{\"name\":\"\",\"type\":\"description_list\",\"props\":{\"show_title\":true,\"show_meta\":true,\"show_content\":true,\"show_link\":true,\"layout\":\"grid-2\",\"width\":\"auto\",\"gutter\":\"small\",\"meta_style\":\"meta\",\"meta_align\":\"bottom-content\",\"list_style\":\"divider\",\"title_style\":\"h4\",\"title_color\":\"primary\",\"content_style\":\"meta\",\"text_align\":\"justify\",\"list_size\":true},\"children\":[{\"name\":\"\",\"type\":\"description_list_item\",\"props\":{\"title\":\"1956\",\"content\":\"A George Spencer Moulton foi adquirida, trazendo consigo Abbey Mills e Kingston Mills para a Avon, e uma planta de propriedade conjunta em Paris. Foram desenvolvidos produtos automobil\\u00edsticos e aeron\\u00e1uticos.\"}},{\"name\":\"\",\"type\":\"description_list_item\",\"props\":{\"title\":\"1958\",\"content\":\"Durante 1958 e 1963, todo campe\\u00e3o mundial de motocicleta escolheu os pneus Avon e muitos recordes mundiais foram quebrados por m\\u00e1quinas equipadas com os mesmos pneus, incluindo a corrida Le Mans 24 horas e o Campeonato Mundial de Automobilismo conquistado por Aston Martin.\"}},{\"name\":\"\",\"type\":\"description_list_item\",\"props\":{\"title\":\"1961\",\"content\":\"A Avon atinge a produ\\u00e7\\u00e3o recorde com 1,5 milh\\u00e3o de pneus por ano. Grande conquista \\u00e9 conquistada pelo desenvolvimento de um composto de rolo de borracha para pneus de carro e motocicleta, aumentando consideravelmente a ader\\u00eancia na estrada molhada.\"}},{\"name\":\"\",\"type\":\"description_list_item\",\"props\":{\"title\":\"1970\",\"content\":\"A Avon est\\u00e1 na vanguarda do desenvolvimento de pneus radiais, substituindo a tecnologia cross ply.\"}},{\"name\":\"\",\"type\":\"description_list_item\",\"props\":{\"title\":\"1983\",\"content\":\"A Avon cria sua pr\\u00f3pria divis\\u00e3o de pneus de corrida para projetar, desenvolver e vender pneus de corrida internacionalmente.\"}},{\"name\":\"\",\"type\":\"description_list_item\",\"props\":{\"title\":\"1997\",\"content\":\"A Avon Tires Limited \\u00e9 adquirida pela Cooper Tire e Rubber Co., Ohio, EUA. A cria\\u00e7\\u00e3o do Cooper-Avon Tires Limited marca o in\\u00edcio de uma nova era para a empresa. Cooper-Avon Tires Ltd. tamb\\u00e9m foi o primeiro fabricante de pneus do mundo a obter o prestigiado pr\\u00eamio de qualidade ISO 9001.\"}},{\"name\":\"\",\"type\":\"description_list_item\",\"props\":{\"title\":\"2007\",\"content\":\"Vener\\u00e1vel Venom d\\u00e1 lugar \\u00e0 nova gama Cobra.\"}},{\"name\":\"\",\"type\":\"description_list_item\",\"props\":{\"title\":\"2013\",\"content\":\"Storm 3D X-M gama de turismo esportivo testado em 3 tamanhos e \\u00e9 t\\u00e3o bem sucedido que a gama completa sai um ano depois.\"}},{\"name\":\"\",\"type\":\"description_list_item\",\"props\":{\"title\":\"2015\",\"content\":\"Avon TrailRider em pneus de Adventure Sport orientado para a estrada faz sua apari\\u00e7\\u00e3o.\"}}]}]}]}]}]} --><\/p>\n","protected":false},"excerpt":{"rendered":"<p>na estrada desde 1885 OS PRIMEIROS ANOS Avon come\u00e7ou em Wiltshire &#8211; Inglaterra, em 1885, quando os senhores E G Browne e J C Margetson adquiriram uma confec\u00e7\u00e3o, conhecida como Avon Mill, nas margens do rio Avon, em Limpley Stoke. Os novos propriet\u00e1rios da f\u00e1brica logo decidiram diversificar para a produ\u00e7\u00e3o de produtos de borracha. [&hellip;]<\/p>\n","protected":false},"author":1,"featured_media":0,"parent":0,"menu_order":0,"comment_status":"closed","ping_status":"closed","template":"","meta":{"footnotes":""},"class_list":["post-7","page","type-page","status-publish","hentry"],"_links":{"self":[{"href":"http:\/\/pneusavon.com.br\/site\/wp-json\/wp\/v2\/pages\/7","targetHints":{"allow":["GET"]}}],"collection":[{"href":"http:\/\/pneusavon.com.br\/site\/wp-json\/wp\/v2\/pages"}],"about":[{"href":"http:\/\/pneusavon.com.br\/site\/wp-json\/wp\/v2\/types\/page"}],"author":[{"embeddable":true,"href":"http:\/\/pneusavon.com.br\/site\/wp-json\/wp\/v2\/users\/1"}],"replies":[{"embeddable":true,"href":"http:\/\/pneusavon.com.br\/site\/wp-json\/wp\/v2\/comments?post=7"}],"version-history":[{"count":3,"href":"http:\/\/pneusavon.com.br\/site\/wp-json\/wp\/v2\/pages\/7\/revisions"}],"predecessor-version":[{"id":77,"href":"http:\/\/pneusavon.com.br\/site\/wp-json\/wp\/v2\/pages\/7\/revisions\/77"}],"wp:attachment":[{"href":"http:\/\/pneusavon.com.br\/site\/wp-json\/wp\/v2\/media?parent=7"}],"curies":[{"name":"wp","href":"https:\/\/api.w.org\/{rel}","templated":true}]}}